{"id":220,"date":"2022-11-14T23:31:39","date_gmt":"2022-11-14T23:31:39","guid":{"rendered":"https:\/\/mepegoboutique.payshop.com.co\/producto\/jardinera-cascada\/"},"modified":"2024-12-17T22:50:34","modified_gmt":"2024-12-17T22:50:34","slug":"jardinera-cascada","status":"publish","type":"product","link":"https:\/\/mepegoboutique.payshop.com.co\/?product=jardinera-cascada","title":{"rendered":"Jardinera Cascada. Conjunto de estructura y 3 bandejas oferta"},"content":{"rendered":"<p>&nbsp;<\/p>\n<p>Conjunto de jardinera en cascada, estructura para tres bandejas dise\u00f1adas con una leve inclinaci\u00f3n permitiendo que el agua por gravedad caiga en los niveles. Puede colocarse a la pared en plano, en \u00e1ngulo de 50\u00b0 o colocar sobre una superficie plana. Caracter\u00edsticas producto: (tama\u00f1o, peso, color, etc) \u2022 Estructura en pintura electroest\u00e1tica color negro o gris (poli\u00e9ster semibrillante). \u2022 Medidas Estructura de 50 alto, 42 ancho y 45 de profundidad. \u2022\u00a0 Peso del elemento: 10 kilogramos. LAS PLANTAS SON DECORATIVAS -Se venden de manera independiente a solicitud del comprador.<\/p>\n<p>Este producto viene en conjunto estructura y 3 bandejas, los colores de la estructura son: color negro o color gris a seleccionar. Seg\u00fan el gusto del comprador.<\/p>\n<p>Las bandejas de\u00a0 \u00a0 \u00a0pl\u00e1stico son en poliestireno reciclado, una vez\u00a0 \u00a0 se deterioren, usted nos las entrega y recibe un bono de descuento para adquirir otras nuevas .<\/p>\n","protected":false},"excerpt":{"rendered":"<p>Jardinera en\u00a0 Cascada f\u00e1cil de transportar y de armar\u00a0 conjunto ,bandejas en\u00a0 \u00a0 poliestireno reciclado.<\/p>\n","protected":false},"featured_media":217,"comment_status":"open","ping_status":"closed","template":"","meta":{"_et_pb_use_builder":"","_et_pb_old_content":"","_et_gb_content_width":"","content-type":"","_monsterinsights_skip_tracking":false,"_monsterinsights_sitenote_active":false,"_monsterinsights_sitenote_note":"","_monsterinsights_sitenote_category":0,"_joinchat":{"telephone":"+573156664995","message_text":"\"Las plantas arom\u00e1ticas son relajantes y perfectas para observar su crecimiento. Regala o reg\u00e1late una actividad especial: nuestra jardinera ligera y de f\u00e1cil acceso. \ud83c\udf31 #MomentosEspeciales #ConectarConLaNaturaleza\"","message_send":"Compra ahora en nuestra tienda en l\u00ednea y descubre la facilidad de llevar la naturaleza a tu hogar. Con solo unos clics, tendr\u00e1s tu huerta lista para disfrutar y aprender en familia. \u00a1Haz tu pedido hoy y empieza a cultivar sostenibilidad desde casa!\""}},"product_brand":[],"product_cat":[75],"product_tag":[],"class_list":{"0":"post-220","1":"product","2":"type-product","3":"status-publish","4":"has-post-thumbnail","6":"product_cat-jardinera-cascada","8":"first","9":"instock","10":"sale","11":"sold-individually","12":"shipping-taxable","13":"purchasable","14":"product-type-simple"},"yoast_head":"<!-- This site is optimized with the Yoast SEO plugin v27.0 - https:\/\/yoast.com\/product\/yoast-seo-wordpress\/ -->\n<title>Jardinera Cascada. Conjunto de estructura y 3 bandejas oferta - MEPEGO-Boutique<\/title>\n<meta name=\"robots\" content=\"index, follow, max-snippet:-1, max-image-preview:large, max-video-preview:-1\" \/>\n<link rel=\"canonical\" href=\"https:\/\/mepegoboutique.payshop.com.co\/?product=jardinera-cascada\" \/>\n<meta property=\"og:locale\" content=\"es_ES\" \/>\n<meta property=\"og:type\" content=\"article\" \/>\n<meta property=\"og:title\" content=\"Jardinera Cascada. Conjunto de estructura y 3 bandejas oferta - MEPEGO-Boutique\" \/>\n<meta property=\"og:description\" content=\"Jardinera en\u00a0 Cascada f\u00e1cil de transportar y de armar\u00a0 conjunto ,bandejas en\u00a0 \u00a0 poliestireno reciclado.\" \/>\n<meta property=\"og:url\" content=\"https:\/\/mepegoboutique.payshop.com.co\/?product=jardinera-cascada\" \/>\n<meta property=\"og:site_name\" content=\"MEPEGO-Boutique\" \/>\n<meta property=\"article:modified_time\" content=\"2024-12-17T22:50:34+00:00\" \/>\n<meta property=\"og:image\" content=\"https:\/\/mepegoboutique.payshop.com.co\/wp-content\/uploads\/sites\/45\/2022\/11\/huerta-1.jpg\" \/>\n\t<meta property=\"og:image:width\" content=\"492\" \/>\n\t<meta property=\"og:image:height\" content=\"480\" \/>\n\t<meta property=\"og:image:type\" content=\"image\/jpeg\" \/>\n<meta name=\"twitter:card\" content=\"summary_large_image\" \/>\n<meta name=\"twitter:label1\" content=\"Tiempo de lectura\" \/>\n\t<meta name=\"twitter:data1\" content=\"1 minuto\" \/>\n<script type=\"application\/ld+json\" class=\"yoast-schema-graph\">{\"@context\":\"https:\/\/schema.org\",\"@graph\":[{\"@type\":\"WebPage\",\"@id\":\"https:\/\/mepegoboutique.payshop.com.co\/?product=jardinera-cascada\",\"url\":\"https:\/\/mepegoboutique.payshop.com.co\/?product=jardinera-cascada\",\"name\":\"Jardinera Cascada. Conjunto de estructura y 3 bandejas oferta - MEPEGO-Boutique\",\"isPartOf\":{\"@id\":\"https:\/\/mepegoboutique.payshop.com.co\/#website\"},\"primaryImageOfPage\":{\"@id\":\"https:\/\/mepegoboutique.payshop.com.co\/?product=jardinera-cascada#primaryimage\"},\"image\":{\"@id\":\"https:\/\/mepegoboutique.payshop.com.co\/?product=jardinera-cascada#primaryimage\"},\"thumbnailUrl\":\"https:\/\/mepegoboutique.payshop.com.co\/wp-content\/uploads\/sites\/45\/2022\/11\/huerta-1.jpg\",\"datePublished\":\"2022-11-14T23:31:39+00:00\",\"dateModified\":\"2024-12-17T22:50:34+00:00\",\"breadcrumb\":{\"@id\":\"https:\/\/mepegoboutique.payshop.com.co\/?product=jardinera-cascada#breadcrumb\"},\"inLanguage\":\"es\",\"potentialAction\":[{\"@type\":\"ReadAction\",\"target\":[\"https:\/\/mepegoboutique.payshop.com.co\/?product=jardinera-cascada\"]}]},{\"@type\":\"ImageObject\",\"inLanguage\":\"es\",\"@id\":\"https:\/\/mepegoboutique.payshop.com.co\/?product=jardinera-cascada#primaryimage\",\"url\":\"https:\/\/mepegoboutique.payshop.com.co\/wp-content\/uploads\/sites\/45\/2022\/11\/huerta-1.jpg\",\"contentUrl\":\"https:\/\/mepegoboutique.payshop.com.co\/wp-content\/uploads\/sites\/45\/2022\/11\/huerta-1.jpg\",\"width\":492,\"height\":480,\"caption\":\"Jardinera en cascada conjunto\"},{\"@type\":\"BreadcrumbList\",\"@id\":\"https:\/\/mepegoboutique.payshop.com.co\/?product=jardinera-cascada#breadcrumb\",\"itemListElement\":[{\"@type\":\"ListItem\",\"position\":1,\"name\":\"Portada\",\"item\":\"https:\/\/mepegoboutique.payshop.com.co\/\"},{\"@type\":\"ListItem\",\"position\":2,\"name\":\"Productos\",\"item\":\"https:\/\/mepegoboutique.payshop.com.co\/?post_type=product\"},{\"@type\":\"ListItem\",\"position\":3,\"name\":\"Jardinera Cascada. Conjunto de estructura y 3 bandejas oferta\"}]},{\"@type\":\"WebSite\",\"@id\":\"https:\/\/mepegoboutique.payshop.com.co\/#website\",\"url\":\"https:\/\/mepegoboutique.payshop.com.co\/\",\"name\":\"MEPEGO-Boutique\",\"description\":\"Otro sitio m\u00e1s de PAYSHOP\",\"potentialAction\":[{\"@type\":\"SearchAction\",\"target\":{\"@type\":\"EntryPoint\",\"urlTemplate\":\"https:\/\/mepegoboutique.payshop.com.co\/?s={search_term_string}\"},\"query-input\":{\"@type\":\"PropertyValueSpecification\",\"valueRequired\":true,\"valueName\":\"search_term_string\"}}],\"inLanguage\":\"es\"}]}<\/script>\n<!-- \/ Yoast SEO plugin. -->","yoast_head_json":{"title":"Jardinera Cascada. Conjunto de estructura y 3 bandejas oferta - MEPEGO-Boutique","robots":{"index":"index","follow":"follow","max-snippet":"max-snippet:-1","max-image-preview":"max-image-preview:large","max-video-preview":"max-video-preview:-1"},"canonical":"https:\/\/mepegoboutique.payshop.com.co\/?product=jardinera-cascada","og_locale":"es_ES","og_type":"article","og_title":"Jardinera Cascada. Conjunto de estructura y 3 bandejas oferta - MEPEGO-Boutique","og_description":"Jardinera en\u00a0 Cascada f\u00e1cil de transportar y de armar\u00a0 conjunto ,bandejas en\u00a0 \u00a0 poliestireno reciclado.","og_url":"https:\/\/mepegoboutique.payshop.com.co\/?product=jardinera-cascada","og_site_name":"MEPEGO-Boutique","article_modified_time":"2024-12-17T22:50:34+00:00","og_image":[{"width":492,"height":480,"url":"https:\/\/mepegoboutique.payshop.com.co\/wp-content\/uploads\/sites\/45\/2022\/11\/huerta-1.jpg","type":"image\/jpeg"}],"twitter_card":"summary_large_image","twitter_misc":{"Tiempo de lectura":"1 minuto"},"schema":{"@context":"https:\/\/schema.org","@graph":[{"@type":"WebPage","@id":"https:\/\/mepegoboutique.payshop.com.co\/?product=jardinera-cascada","url":"https:\/\/mepegoboutique.payshop.com.co\/?product=jardinera-cascada","name":"Jardinera Cascada. Conjunto de estructura y 3 bandejas oferta - MEPEGO-Boutique","isPartOf":{"@id":"https:\/\/mepegoboutique.payshop.com.co\/#website"},"primaryImageOfPage":{"@id":"https:\/\/mepegoboutique.payshop.com.co\/?product=jardinera-cascada#primaryimage"},"image":{"@id":"https:\/\/mepegoboutique.payshop.com.co\/?product=jardinera-cascada#primaryimage"},"thumbnailUrl":"https:\/\/mepegoboutique.payshop.com.co\/wp-content\/uploads\/sites\/45\/2022\/11\/huerta-1.jpg","datePublished":"2022-11-14T23:31:39+00:00","dateModified":"2024-12-17T22:50:34+00:00","breadcrumb":{"@id":"https:\/\/mepegoboutique.payshop.com.co\/?product=jardinera-cascada#breadcrumb"},"inLanguage":"es","potentialAction":[{"@type":"ReadAction","target":["https:\/\/mepegoboutique.payshop.com.co\/?product=jardinera-cascada"]}]},{"@type":"ImageObject","inLanguage":"es","@id":"https:\/\/mepegoboutique.payshop.com.co\/?product=jardinera-cascada#primaryimage","url":"https:\/\/mepegoboutique.payshop.com.co\/wp-content\/uploads\/sites\/45\/2022\/11\/huerta-1.jpg","contentUrl":"https:\/\/mepegoboutique.payshop.com.co\/wp-content\/uploads\/sites\/45\/2022\/11\/huerta-1.jpg","width":492,"height":480,"caption":"Jardinera en cascada conjunto"},{"@type":"BreadcrumbList","@id":"https:\/\/mepegoboutique.payshop.com.co\/?product=jardinera-cascada#breadcrumb","itemListElement":[{"@type":"ListItem","position":1,"name":"Portada","item":"https:\/\/mepegoboutique.payshop.com.co\/"},{"@type":"ListItem","position":2,"name":"Productos","item":"https:\/\/mepegoboutique.payshop.com.co\/?post_type=product"},{"@type":"ListItem","position":3,"name":"Jardinera Cascada. Conjunto de estructura y 3 bandejas oferta"}]},{"@type":"WebSite","@id":"https:\/\/mepegoboutique.payshop.com.co\/#website","url":"https:\/\/mepegoboutique.payshop.com.co\/","name":"MEPEGO-Boutique","description":"Otro sitio m\u00e1s de PAYSHOP","potentialAction":[{"@type":"SearchAction","target":{"@type":"EntryPoint","urlTemplate":"https:\/\/mepegoboutique.payshop.com.co\/?s={search_term_string}"},"query-input":{"@type":"PropertyValueSpecification","valueRequired":true,"valueName":"search_term_string"}}],"inLanguage":"es"}]}},"_links":{"self":[{"href":"https:\/\/mepegoboutique.payshop.com.co\/index.php?rest_route=\/wp\/v2\/product\/220","targetHints":{"allow":["GET"]}}],"collection":[{"href":"https:\/\/mepegoboutique.payshop.com.co\/index.php?rest_route=\/wp\/v2\/product"}],"about":[{"href":"https:\/\/mepegoboutique.payshop.com.co\/index.php?rest_route=\/wp\/v2\/types\/product"}],"replies":[{"embeddable":true,"href":"https:\/\/mepegoboutique.payshop.com.co\/index.php?rest_route=%2Fwp%2Fv2%2Fcomments&post=220"}],"wp:featuredmedia":[{"embeddable":true,"href":"https:\/\/mepegoboutique.payshop.com.co\/index.php?rest_route=\/wp\/v2\/media\/217"}],"wp:attachment":[{"href":"https:\/\/mepegoboutique.payshop.com.co\/index.php?rest_route=%2Fwp%2Fv2%2Fmedia&parent=220"}],"wp:term":[{"taxonomy":"product_brand","embeddable":true,"href":"https:\/\/mepegoboutique.payshop.com.co\/index.php?rest_route=%2Fwp%2Fv2%2Fproduct_brand&post=220"},{"taxonomy":"product_cat","embeddable":true,"href":"https:\/\/mepegoboutique.payshop.com.co\/index.php?rest_route=%2Fwp%2Fv2%2Fproduct_cat&post=220"},{"taxonomy":"product_tag","embeddable":true,"href":"https:\/\/mepegoboutique.payshop.com.co\/index.php?rest_route=%2Fwp%2Fv2%2Fproduct_tag&post=220"}],"curies":[{"name":"wp","href":"https:\/\/api.w.org\/{rel}","templated":true}]}}